{"id":843,"date":"2014-06-24T12:56:26","date_gmt":"2014-06-24T11:56:26","guid":{"rendered":"https:\/\/coma-plongee.com\/?page_id=843"},"modified":"2014-06-24T12:56:26","modified_gmt":"2014-06-24T11:56:26","slug":"mentions-legales","status":"publish","type":"page","link":"https:\/\/coma-plongee.com\/?page_id=843","title":{"rendered":"Mentions l\u00e9gales"},"content":{"rendered":"<div style=\"text-align: justify; padding-left: 60px; padding-right: 60px;\">\n<h1>Mentions l\u00e9gales<\/h1>\n<p>&nbsp;<\/p>\n<p>Le site web coma-plongee.com appartient \u00e0 l&#8217;association COMA Plong\u00e9e ayant son si\u00e8ge social au 82, Bd. du G\u00e9n\u00e9ral Leclerc, 95100 ARGENTEUIL, association ind\u00e9pendante affili\u00e9e au C.O.M.A.<br \/>\nN\u00b0 d\u2019agr\u00e9ment Jeunesse et sports 95-02-S-21\u00a0 ~~~\u00a0 N\u00b0 Siret 45356473400011 ~~~\u00a0 association adh\u00e9rente \u00e0 la F.F.E.S.S.M. n\u00b0 07 95 0140<br \/>\nLa r\u00e9alisation, le d\u00e9veloppement et la maintenance du site\u00a0coma-plongee.com est r\u00e9alis\u00e9e par l&#8217;association COMA Plong\u00e9e. Le site coma-plongee.com sert \u00e0 promouvoir les activit\u00e9s de\u00a0l&#8217;association COMA Plong\u00e9e en donnant un acc\u00e8s au public \u00e0 l\u2019ensemble des donn\u00e9es relatives \u00e0 ses activit\u00e9s. L&#8217;association COMA Plong\u00e9e ne fournit aucune garantie, explicite ou implicite, et ne pourra pas \u00eatre tenu pour responsable de tout dysfonctionnement qui pourrait r\u00e9sulter de l\u2019acc\u00e8s ou de l\u2019utilisation de ce site ; incluant toute d\u00e9t\u00e9rioration ou virus qui pourrait infecter ou causer des dommages irr\u00e9parables \u00e0 l\u2019\u00e9quipement informatique ou tout autre bien de l\u2019utilisateur. Les utilisateurs d\u00e9clarent en cons\u00e9quence, acc\u00e9der au site coma-plongee.com \u00e0 leurs risques et p\u00e9rils. L&#8217;association COMA Plong\u00e9e se r\u00e9serve le droit de modifier ou de corriger, \u00e0 tout moment et sans pr\u00e9avis, les contenus de son site Internet, quelle que soit leur nature. Malgr\u00e9 toute notre vigilance sur la publication des informations sur le site, nous ne pouvons garantir l\u2019exactitude des donn\u00e9es et en \u00eatre tenu pour responsable en cas de d\u00e9faillance.<\/p>\n<p>&nbsp;<\/p>\n<h1>Propri\u00e9t\u00e9 intellectuelle<\/h1>\n<p>&nbsp;<\/p>\n<p>Tous les droits attach\u00e9s au contenu du site coma-plongee.com notamment mais non limitativement, les logos, les documents t\u00e9l\u00e9chargeables, les photographies, les vid\u00e9os et animations pr\u00e9sent\u00e9s sur le site coma-plongee.com sont r\u00e9serv\u00e9s et prot\u00e9g\u00e9s par les lois nationales et internationales du copyright.<br \/>\nToute reproduction, repr\u00e9sentation ou diffusion, en tout ou en partie, du contenu de ce site, fa\u00eete sans le consentement de l\u2019auteur, de ses ayants droit ou de ses ayants causes est illicite (art. 122.4 du Code de la Propri\u00e9t\u00e9 Intellectuelle). En cons\u00e9quence\u00a0l&#8217;association COMA Plong\u00e9e se r\u00e9serve le droit d\u2019engager des poursuites judiciaires pour le non-respect de cette interdiction qui constitue une contrefa\u00e7on susceptible d\u2019engager la responsabilit\u00e9 de l\u2019utilisateur. L\u2019utilisation du site est donc r\u00e9serv\u00e9e \u00e0 un usage de consultation \u00e0 titre purement priv\u00e9. Toute autre utilisation en est donc strictement interdite.<\/p>\n<\/div>\n","protected":false},"excerpt":{"rendered":"<p class=\"lead\">Mentions l\u00e9gales &nbsp; Le site web coma-plongee.com appartient \u00e0 l&#8217;association COMA Plong\u00e9e ayant son si\u00e8ge social au 82, Bd. du G\u00e9n\u00e9ral Leclerc, 95100 ARGENTEUIL, association ind\u00e9pendante affili\u00e9e au C.O.M.A. N\u00b0 d\u2019agr\u00e9ment Jeunesse et sports 95-02-S-21\u00a0 ~~~\u00a0 N\u00b0 Siret 45356473400011 ~~~\u00a0 association adh\u00e9rente \u00e0 la F.F.E.S.S.M. n\u00b0 07 95 0140 La r\u00e9alisation, le d\u00e9veloppement et la maintenance du site\u00a0coma-plongee.com est r\u00e9alis\u00e9e&hellip;<\/p>\n<p class=\"more-link-p\"><a class=\"btn btn-danger\" href=\"https:\/\/coma-plongee.com\/?page_id=843\">Read more &rarr;<\/a><\/p>\n","protected":false},"author":7,"featured_media":0,"parent":0,"menu_order":0,"comment_status":"closed","ping_status":"closed","template":"","meta":{"footnotes":""},"class_list":["post-843","page","type-page","status-publish","hentry"],"_links":{"self":[{"href":"https:\/\/coma-plongee.com\/index.php?rest_route=\/wp\/v2\/pages\/843","targetHints":{"allow":["GET"]}}],"collection":[{"href":"https:\/\/coma-plongee.com\/index.php?rest_route=\/wp\/v2\/pages"}],"about":[{"href":"https:\/\/coma-plongee.com\/index.php?rest_route=\/wp\/v2\/types\/page"}],"author":[{"embeddable":true,"href":"https:\/\/coma-plongee.com\/index.php?rest_route=\/wp\/v2\/users\/7"}],"replies":[{"embeddable":true,"href":"https:\/\/coma-plongee.com\/index.php?rest_route=%2Fwp%2Fv2%2Fcomments&post=843"}],"version-history":[{"count":0,"href":"https:\/\/coma-plongee.com\/index.php?rest_route=\/wp\/v2\/pages\/843\/revisions"}],"wp:attachment":[{"href":"https:\/\/coma-plongee.com\/index.php?rest_route=%2Fwp%2Fv2%2Fmedia&parent=843"}],"curies":[{"name":"wp","href":"https:\/\/api.w.org\/{rel}","templated":true}]}}