{"id":81,"date":"2014-05-07T12:21:00","date_gmt":"2014-05-07T11:21:00","guid":{"rendered":"https:\/\/coma-plongee.com\/?page_id=81"},"modified":"2024-08-25T11:37:57","modified_gmt":"2024-08-25T09:37:57","slug":"lieux-horaires-tarifs","status":"publish","type":"page","link":"https:\/\/coma-plongee.com\/?page_id=81","title":{"rendered":"Lieux, horaires, tarifs"},"content":{"rendered":"<div style=\"text-align: justify; padding-left: 60px; padding-right: 60px;\">\n<h1 style=\"text-align: center;\"><strong>Lieux et horaires<\/strong><\/h1>\n<p><!--[ezcol_1half]--><iframe loading=\"lazy\" style=\"border: 0px currentColor;\" src=\"https:\/\/www.google.com\/maps\/embed?pb=!1m14!1m8!1m3!1d2619.5619694965226!2d2.255239!3d48.961825999999995!3m2!1i1024!2i768!4f13.1!3m3!1m2!1s0x0%3A0x1bae7102bec2c74a!2sCentre+aquatique+Youri+Gagarine!5e0!3m2!1sfr!2sfr!4v1400578950359\" width=\"400\" height=\"300\" frameborder=\"0\"><\/iframe><!--[\/ezcol_1half] [ezcol_1half_end]--><\/p>\n<p><strong>Les entra\u00eenements ont lieu au <\/strong><\/p>\n<p><strong>centre Nautique Youri Gagarine d\u2019Argenteuil<\/strong><\/p>\n<p><strong>65 rue du Nord<\/strong><!--[\/ezcol_1half_end]--><br \/>\n<!--[ezcol_1half]--><\/p>\n<h2 style=\"text-align: left;\"><img loading=\"lazy\" decoding=\"async\" style=\"height: 11px; width: 8px;\" src=\"https:\/\/coma-plongee.com\/wp-content\/uploads\/2020\/07\/puce-68c92.gif\" alt=\"-\" width=\"8\" height=\"11\" \/> S\u00c9ANCE DU MARDI (apn\u00e9e et nage avec palmes)<\/h2>\n<p>&#8211; Rendez-vous \u00e0 19h45<\/p>\n<p>&#8211; Mise \u00e0 l&#8217;eau sur les bassins \u00e0 20h00<\/p>\n<p>&#8211; Sortie des bassins \u00e0 21h30<\/p>\n<p>&#8211; Quitter le hall d&#8217;entr\u00e9e \u00e0 22h au plus tard<\/p>\n<p><!--[\/ezcol_1half] [ezcol_1half_end]--><\/p>\n<h2 style=\"text-align: left;\"><img loading=\"lazy\" decoding=\"async\" style=\"height: 11px; width: 8px;\" src=\"https:\/\/coma-plongee.com\/wp-content\/uploads\/2020\/07\/puce-68c92.gif\" alt=\"-\" width=\"8\" height=\"11\" \/> S\u00c9ANCE DU VENDREDI (plong\u00e9e)<\/h2>\n<p>&#8211; rendez-vous \u00e0 19h15<\/p>\n<p>&#8211; Mise \u00e0 l&#8217;eau sur les bassins \u00e0 19h30<\/p>\n<p>&#8211; Sortie des bassins \u00e0 21h30<\/p>\n<p>&#8211; Quitter le hall d&#8217;entr\u00e9e \u00e0 22h au plus tard<\/p>\n<p><!--[\/ezcol_1half_end]--><br \/>\n<strong>Les cr\u00e9neaux des entra\u00eenements sont suspendus durant les vacances scolaires.<\/strong><\/p>\n<h2 style=\"text-align: left;\"><img loading=\"lazy\" decoding=\"async\" style=\"height: 11px; width: 8px;\" src=\"https:\/\/coma-plongee.com\/wp-content\/uploads\/2020\/07\/puce-68c92.gif\" alt=\"-\" width=\"8\" height=\"11\" \/> ENTRAINEMENT A LA FOSSE DE<br \/>\nVILLENEUVE-LA-GARENNE<\/h2>\n<p><strong>Chaque premier lundi du mois<\/strong>, un entra\u00eenement est possible \u00e0 la fosse de 20m de Villeneuve la Garenne.<\/p>\n<h2 style=\"text-align: left;\"><img loading=\"lazy\" decoding=\"async\" style=\"height: 11px; width: 8px;\" src=\"https:\/\/coma-plongee.com\/wp-content\/uploads\/2020\/07\/puce-68c92.gif\" alt=\"-\" width=\"8\" height=\"11\" \/> ENTRAINEMENT ESTIVAL<\/h2>\n<p><strong>Durant l\u2019\u00e9t\u00e9,<\/strong> les membres du club se retrouvent tous les vendredis soir \u00e0 partir de 19h30 \u00e0 la base nautique de Cergy-Neuville (parking P3) pour nager. Pour se r\u00e9conforter apr\u00e8s l\u2019effort, un pique-nique est organis\u00e9 sur place.<\/p>\n<\/div>\n","protected":false},"excerpt":{"rendered":"<p class=\"lead\">Lieux et horaires Les entra\u00eenements ont lieu au centre Nautique Youri Gagarine d\u2019Argenteuil 65 rue du Nord S\u00c9ANCE DU MARDI (apn\u00e9e et nage avec palmes) &#8211; Rendez-vous \u00e0 19h45 &#8211; Mise \u00e0 l&#8217;eau sur les bassins \u00e0 20h00 &#8211; Sortie des bassins \u00e0 21h30 &#8211; Quitter le hall d&#8217;entr\u00e9e \u00e0 22h au plus tard S\u00c9ANCE DU VENDREDI (plong\u00e9e) &#8211; rendez-vous&hellip;<\/p>\n<p class=\"more-link-p\"><a class=\"btn btn-danger\" href=\"https:\/\/coma-plongee.com\/?page_id=81\">Read more &rarr;<\/a><\/p>\n","protected":false},"author":7,"featured_media":0,"parent":3863,"menu_order":1,"comment_status":"closed","ping_status":"closed","template":"","meta":{"footnotes":""},"class_list":["post-81","page","type-page","status-publish","hentry"],"_links":{"self":[{"href":"https:\/\/coma-plongee.com\/index.php?rest_route=\/wp\/v2\/pages\/81","targetHints":{"allow":["GET"]}}],"collection":[{"href":"https:\/\/coma-plongee.com\/index.php?rest_route=\/wp\/v2\/pages"}],"about":[{"href":"https:\/\/coma-plongee.com\/index.php?rest_route=\/wp\/v2\/types\/page"}],"author":[{"embeddable":true,"href":"https:\/\/coma-plongee.com\/index.php?rest_route=\/wp\/v2\/users\/7"}],"replies":[{"embeddable":true,"href":"https:\/\/coma-plongee.com\/index.php?rest_route=%2Fwp%2Fv2%2Fcomments&post=81"}],"version-history":[{"count":12,"href":"https:\/\/coma-plongee.com\/index.php?rest_route=\/wp\/v2\/pages\/81\/revisions"}],"predecessor-version":[{"id":4658,"href":"https:\/\/coma-plongee.com\/index.php?rest_route=\/wp\/v2\/pages\/81\/revisions\/4658"}],"up":[{"embeddable":true,"href":"https:\/\/coma-plongee.com\/index.php?rest_route=\/wp\/v2\/pages\/3863"}],"wp:attachment":[{"href":"https:\/\/coma-plongee.com\/index.php?rest_route=%2Fwp%2Fv2%2Fmedia&parent=81"}],"curies":[{"name":"wp","href":"https:\/\/api.w.org\/{rel}","templated":true}]}}