{"id":3863,"date":"2014-05-06T17:31:45","date_gmt":"2014-05-06T16:31:45","guid":{"rendered":"https:\/\/coma-plongee.com\/?page_id=65"},"modified":"2024-08-25T12:33:29","modified_gmt":"2024-08-25T10:33:29","slug":"informations-pratiques","status":"publish","type":"page","link":"https:\/\/coma-plongee.com\/?page_id=3863","title":{"rendered":"Informations Pratiques"},"content":{"rendered":"<p><img loading=\"lazy\" decoding=\"async\" class=\"aligncenter size-full wp-image-712\" src=\"https:\/\/coma-plongee.com\/wp-content\/uploads\/2020\/07\/documents-\u00e0-t\u00e9l\u00e9charger.png\" alt=\"documents \u00e0 t\u00e9l\u00e9charger\" width=\"880\" height=\"300\" \/><\/p>\r\n\r\n<div class=\"wp-block-columns is-layout-flex wp-container-core-columns-is-layout-9d6595d7 wp-block-columns-is-layout-flex\">\r\n<div class=\"wp-block-column is-layout-flow wp-block-column-is-layout-flow\">\r\n<p>&nbsp;<\/p>\r\n<p class=\"has-text-align-center\"><strong>Dossier d&#8217;inscription<\/strong><\/p>\r\n\r\n\r\n\r\n<div class=\"wp-block-image\">\r\n<figure class=\"aligncenter\"><a href=\"https:\/\/coma-plongee.com\/wp-content\/uploads\/2024\/07\/dossier-inscription-coma-2024-2025.pdf\" target=\"_blank\" rel=\"noreferrer noopener\"><img loading=\"lazy\" decoding=\"async\" class=\"alignnone wp-image-4617 size-full\" title=\"Dossier d'inscription\" src=\"https:\/\/coma-plongee.com\/wp-content\/uploads\/2024\/04\/COMA-logo-dossier-inscription-2018-260x200-1-150x150-2.png\" alt=\"\" width=\"150\" height=\"150\" \/><\/a><\/figure>\r\n<\/div>\r\n\r\n<p class=\"has-text-align-center\"><strong>Mod\u00e8le de certificat m\u00e9dical<\/strong><\/p>\r\n\r\n\r\n\r\n<div class=\"wp-block-image\">\r\n<figure class=\"aligncenter\"><a href=\"https:\/\/coma-plongee.com\/wp-content\/uploads\/2021\/06\/CACI-certificat-medical.pdf\" target=\"_blank\" rel=\"noreferrer noopener\"><img loading=\"lazy\" decoding=\"async\" class=\"alignnone wp-image-4662 size-full\" src=\"https:\/\/coma-plongee.com\/wp-content\/uploads\/2024\/08\/COMA-logo-ModeleCertificatMedical-260x200-1-150x150-2-transp.png\" alt=\"\" width=\"150\" height=\"150\" \/><\/a><\/figure>\r\n<\/div>\r\n\r\n<p class=\"has-text-align-center\"><strong>Autorisation parentale<\/strong><\/p>\r\n\r\n\r\n\r\n<div class=\"wp-block-image\">\r\n<figure class=\"aligncenter\"><a href=\"https:\/\/coma-plongee.com\/wp-content\/uploads\/2020\/09\/Autorisation-Parentale.pdf\" target=\"_blank\" rel=\"noreferrer noopener\"><img loading=\"lazy\" decoding=\"async\" class=\"alignnone wp-image-4660 size-full\" src=\"https:\/\/coma-plongee.com\/wp-content\/uploads\/2024\/08\/COMA-logo-Autorisation-parentale-260x200-1-150x150-2-transp.png\" alt=\"\" width=\"150\" height=\"150\" \/><\/a><\/figure>\r\n<\/div>\r\n\r\n\r\n<!--<p class=\"has-text-align-center\"><strong>\u00a0 Livret d\u2019accueil<\/strong><\/p>-->\r\n\r\n<!--<div class=\"wp-block-image\">\r\n<figure class=\"aligncenter\"><a href=\"https:\/\/coma-plongee.com\/wp-content\/uploads\/2020\/10\/livretAccueilNum2020-41.pdf\" target=\"_blank\" rel=\"noreferrer noopener\"><img loading=\"lazy\" decoding=\"async\" class=\"alignnone wp-image-3859 size-thumbnail\" src=\"https:\/\/coma-plongee.com\/wp-content\/uploads\/2020\/07\/COMA-logo-officiel-2018-260x200-1-150x150.png\" alt=\"\" width=\"150\" height=\"150\" \/><\/a><\/figure>\r\n<\/div>-->\r\n\r\n\r\n<p><strong style=\"font-size: 16px;\">Tarifs des assurances<\/strong><\/p>\r\n<\/div>\r\n<div class=\"wp-block-column\">\r\n\r\n\r\n<div class=\"wp-block-image\">\r\n<figure class=\"aligncenter\"><a href=\"https:\/\/www.ffessm.lafont-assurances.com\" target=\"_blank\" rel=\"noreferrer noopener\"><img loading=\"lazy\" decoding=\"async\" class=\"alignnone wp-image-4619 size-full\" src=\"https:\/\/coma-plongee.com\/wp-content\/uploads\/2024\/04\/COMA-logo-Tarifs_-_assurances-2024-260x200-1-150x150-1.png\" alt=\"\" width=\"150\" height=\"150\" \/><\/a><\/figure>\r\n<\/div>\r\n\r\n\r\n<!--<p class=\"has-text-align-center\"><strong>M\u00e9decins f\u00e9d\u00e9raux<\/strong><\/p>-->\r\n\r\n\r\n\r\n\r\n<p class=\"has-text-align-center\"><strong>Informations pratiques<\/strong><\/p>\r\n\r\n\r\n\r\n<div class=\"wp-block-image\">\r\n<figure class=\"aligncenter\"><a href=\"https:\/\/coma-plongee.com\/wp-content\/uploads\/2024\/08\/Infos-pratiques.pdf\" target=\"_blank\" rel=\"noreferrer noopener\"><img loading=\"lazy\" decoding=\"async\" class=\"alignnone wp-image-4661 size-full\" src=\"https:\/\/coma-plongee.com\/wp-content\/uploads\/2024\/08\/COMA-logo-Informations_pratiques-260x200-1-150x150-2-transp.png\" alt=\"\" width=\"150\" height=\"150\" \/><\/a><\/figure>\r\n<\/div>\r\n\r\n\r\n\r\n<p class=\"has-text-align-center\"><strong>\u00a0 R\u00e9servation de mat\u00e9riel<\/strong><\/p>\r\n\r\n\r\n\r\n<div class=\"wp-block-image\">\r\n<figure class=\"aligncenter\"><a href=\"https:\/\/coma-plongee.com\/wp-content\/uploads\/2020\/07\/demande de r\u00e9servation de mat\u00e9riel.docx\" target=\"_blank\" rel=\"noreferrer noopener\"><img loading=\"lazy\" decoding=\"async\" class=\"alignnone wp-image-4666 size-full\" src=\"https:\/\/coma-plongee.com\/wp-content\/uploads\/2024\/08\/COMA-logo-ReservationMateriel-260x200-1-150x150-2-transp.png\" alt=\"\" width=\"150\" height=\"150\" \/><\/a><\/figure>\r\n<\/div>\r\n<\/div>\r\n<!-- \/wp:post-content --><\/div>\r\n<!-- \/wp:columns -->\r\n<p>&nbsp;<\/p>\r\n<!-- wp:paragraph -->\r\n<p>&nbsp;<\/p>\r\n<!-- \/wp:paragraph -->","protected":false},"excerpt":{"rendered":"<p class=\"lead\">&nbsp; Dossier d&#8217;inscription &nbsp; &nbsp;<\/p>\n<p class=\"more-link-p\"><a class=\"btn btn-danger\" href=\"https:\/\/coma-plongee.com\/?page_id=3863\">Read more &rarr;<\/a><\/p>\n","protected":false},"author":7,"featured_media":0,"parent":0,"menu_order":0,"comment_status":"closed","ping_status":"closed","template":"","meta":{"footnotes":""},"class_list":["post-3863","page","type-page","status-publish","hentry"],"_links":{"self":[{"href":"https:\/\/coma-plongee.com\/index.php?rest_route=\/wp\/v2\/pages\/3863","targetHints":{"allow":["GET"]}}],"collection":[{"href":"https:\/\/coma-plongee.com\/index.php?rest_route=\/wp\/v2\/pages"}],"about":[{"href":"https:\/\/coma-plongee.com\/index.php?rest_route=\/wp\/v2\/types\/page"}],"author":[{"embeddable":true,"href":"https:\/\/coma-plongee.com\/index.php?rest_route=\/wp\/v2\/users\/7"}],"replies":[{"embeddable":true,"href":"https:\/\/coma-plongee.com\/index.php?rest_route=%2Fwp%2Fv2%2Fcomments&post=3863"}],"version-history":[{"count":6,"href":"https:\/\/coma-plongee.com\/index.php?rest_route=\/wp\/v2\/pages\/3863\/revisions"}],"predecessor-version":[{"id":4738,"href":"https:\/\/coma-plongee.com\/index.php?rest_route=\/wp\/v2\/pages\/3863\/revisions\/4738"}],"wp:attachment":[{"href":"https:\/\/coma-plongee.com\/index.php?rest_route=%2Fwp%2Fv2%2Fmedia&parent=3863"}],"curies":[{"name":"wp","href":"https:\/\/api.w.org\/{rel}","templated":true}]}}